{"id":1407,"date":"2025-07-31T22:15:58","date_gmt":"2025-07-31T20:15:58","guid":{"rendered":"https:\/\/www.tokyo-band.cz\/?page_id=1407"},"modified":"2025-08-06T21:33:45","modified_gmt":"2025-08-06T19:33:45","slug":"koncerty","status":"publish","type":"page","link":"https:\/\/www.tokyo-band.cz\/index.php\/koncerty\/","title":{"rendered":"Koncerty"},"content":{"rendered":"\n<figure class=\"wp-block-table\"><table class=\"has-fixed-layout\"><thead><tr><th>Kdy<\/th><th>Kde<\/th><th>Detaily<\/th><\/tr><\/thead><tbody><tr><td>7.8.2025 od 21h<\/td><td>C<a href=\"https:\/\/www.facebook.com\/events\/1390471898835692\">af\u00e9 Pr\u00e1h, Brno<\/a><\/td><td>v r\u00e1mci festivalu L\u00e9to Open Air<\/td><\/tr><tr><td>20.11.2025 od 19h<\/td><td>Zelen\u00e1\u010dova \u0160opa, Zl\u00edn<\/td><td>Tradi\u010dn\u00ed koncert v dom\u00e1c\u00edm prost\u0159ed\u00ed, tentokr\u00e1t s hostem<\/td><\/tr><\/tbody><\/table><\/figure>\n\n\n\n<p><\/p>\n","protected":false},"excerpt":{"rendered":"<p>Kdy Kde Detaily 7.8.2025 od 21h Caf\u00e9 Pr\u00e1h, Brno v r\u00e1mci festivalu L\u00e9to Open Air 20.11.2025 od 19h Zelen\u00e1\u010dova \u0160opa, Zl\u00edn Tradi\u010dn\u00ed koncert v dom\u00e1c\u00edm prost\u0159ed\u00ed, tentokr\u00e1t s hostem<\/p>\n","protected":false},"author":1,"featured_media":1394,"parent":0,"menu_order":0,"comment_status":"closed","ping_status":"closed","template":"","meta":{"footnotes":""},"class_list":["post-1407","page","type-page","status-publish","has-post-thumbnail","hentry"],"_links":{"self":[{"href":"https:\/\/www.tokyo-band.cz\/index.php\/wp-json\/wp\/v2\/pages\/1407","targetHints":{"allow":["GET"]}}],"collection":[{"href":"https:\/\/www.tokyo-band.cz\/index.php\/wp-json\/wp\/v2\/pages"}],"about":[{"href":"https:\/\/www.tokyo-band.cz\/index.php\/wp-json\/wp\/v2\/types\/page"}],"author":[{"embeddable":true,"href":"https:\/\/www.tokyo-band.cz\/index.php\/wp-json\/wp\/v2\/users\/1"}],"replies":[{"embeddable":true,"href":"https:\/\/www.tokyo-band.cz\/index.php\/wp-json\/wp\/v2\/comments?post=1407"}],"version-history":[{"count":3,"href":"https:\/\/www.tokyo-band.cz\/index.php\/wp-json\/wp\/v2\/pages\/1407\/revisions"}],"predecessor-version":[{"id":1436,"href":"https:\/\/www.tokyo-band.cz\/index.php\/wp-json\/wp\/v2\/pages\/1407\/revisions\/1436"}],"wp:featuredmedia":[{"embeddable":true,"href":"https:\/\/www.tokyo-band.cz\/index.php\/wp-json\/wp\/v2\/media\/1394"}],"wp:attachment":[{"href":"https:\/\/www.tokyo-band.cz\/index.php\/wp-json\/wp\/v2\/media?parent=1407"}],"curies":[{"name":"wp","href":"https:\/\/api.w.org\/{rel}","templated":true}]}}